uppose 8*j = r*j + 54. What are the prime factors of j?
2, 3
Suppose -6*i = -3*i - 6. Let r(y) = -y + 0*y**2 + 4*y**2 - 5*y**i - 3 - 3*y**3. What are the prime factors of r(-2)?
19
What are the prime factors of 10/((-20)/3)*2084/(-3)?
2, 521
Let u = -1 + 12. Let g = 19 - u. Suppose -s = -z + g, -2 = z - 2*s - 6. What are the prime factors of z?
2, 3
Let v = 24 + -27. List the prime factors of (25/(-9) - v) + (-214)/(-9).
2, 3
Suppose 2*t + 45 = 5*z, -6*t - 20 = -2*t + 4*z. Let w be ((-16)/20)/(4/t). Suppose m - w*m + 18 = 0. What are the prime factors of m?
2, 3
Let i be -4 + (-1 - -10) + 0. Suppose i*n + 28 = -5*f + 293, -5*n + 273 = 3*f. What are the prime factors of n?
3, 19
Let o(z) be the first derivative of -z**2/2 + 9*z + 7. Let l be o(7). What are the prime factors of l - (-1 - -3 - 5)?
5
Suppose -9*o - 3*o + 132 = 0. What are the prime factors of o?
11
Let m be 2 - 0 - (15 + -420). Let u = m + -267. Suppose -u = -4*t + 72. What are the prime factors of t?
53
Let i(l) = -l**2 + 3*l + 15. Let w be i(5). List the prime factors of 78/w - 4/(-10).
2
Let r(w) = -12 - 24*w + 78*w - 28*w - 23*w + w**2. List the prime factors of r(11).
2, 71
Let c be 3465/42*(-6)/(-5). Let b = c + -42. What are the prime factors of b?
3, 19
Let h(f) = 4*f + 11*f + 4*f + 12 - 12*f. What are the prime factors of h(6)?
2, 3
Let l = -9040 + 13869. List the prime factors of l.
11, 439
Let k be -1 + ((-11)/22)/(2/4). Suppose 2*t = -4*d + 32, -3*t = -3*d - 68 + 2. Let x = k + t. List the prime factors of x.
2, 3
Suppose 0 = 3*s - 7 - 2. Let r be (2 - s) + 4 + -34. Let z = r - -69. What are the prime factors of z?
2, 19
List the prime factors of ((-303)/15)/(2/(-20)).
2, 101
Let y = -49 + 474. List the prime factors of y.
5, 17
Suppose 2*x + 2 = -4*o, -28 = 5*x - o - 1. What are the prime factors of (-361)/x - 1/5?
2, 3
Let p(w) = 2*w - 4. Suppose -3*c = -10*c + 21. Let d be p(c). Suppose -d*o = -11 - 37. List the prime factors of o.
2, 3
Suppose 0 = -5*y, -2*b + 4*y = -y - 2230. What are the prime factors of b?
5, 223
Suppose 5*b = -5*y - 905, 6 - 187 = b - 2*y. Let m = b + 262. What are the prime factors of m?
3
Let h = -527 - -1873. Suppose 0 = 12*s - 3782 + h. What are the prime factors of s?
7, 29
Let g = -8 - -17. Suppose n + 9 = -g. List the prime factors of (-3 - 20/(-8))*n.
3
Let r(v) = -11*v - 2. Let q be r(-3). Suppose 22 = 6*b - b - 3*m, 0 = -2*b + 2*m + 8. Suppose 80 = 5*s + b*p, -s + 5*p + q = p. What are the prime factors of s?
19
Suppose -5*l + j + 12326 = 0, -5*l + 9856 = -l + 4*j. List the prime factors of l.
5, 17, 29
List the prime factors of 40/(-6)*2607/(-44).
5, 79
Let o = 1193 - 824. Suppose 1261 - o = 4*l. What are the prime factors of l?
223
Suppose -4*y - 78 = -2*n, -49 = -4*n + 3*y + 92. Suppose 0*x = -x + n. What are the prime factors of x?
3, 11
Let w(v) = -v**3 + 8*v**2 + v - 8. Let j be w(8). Suppose 3*p + 7 - 1 = j. What are the prime factors of 84/4 - (-3 - p)?
2, 11
Let z(q) = 2*q**2 + 3*q + 1. Let l be z(-2). Let f be l*(40/(-12))/5. What are the prime factors of (-3)/f + (-84)/(-8)?
2, 3
Let r = 5 - 3. Suppose 5*o - 4*a - 3 = 0, -2*a = r*o + 3*a - 21. Suppose -3*z = o, 0 = 4*l - 3*z - 199 + 20. What are the prime factors of l?
2, 11
Let f = -651 + 1868. What are the prime factors of f?
1217
Let x = 23 + 1. Let j = x - 16. What are the prime factors of (-4 - j/(-3))*-15?
2, 5
What are the prime factors of ((-138)/(-18))/((-10)/(-2040))?
2, 17, 23
Let r(c) = -4*c**2 + 14*c - 1. Let i(o) = o**2. Let z(y) = 3*i(y) + r(y). What are the prime factors of z(13)?
2, 3
Suppose k = -2*w + 71 + 2027, 3*w + 4*k = 3152. What are the prime factors of w?
2, 131
Let w = 212 + -363. Let q = w - -257. What are the prime factors of q?
2, 53
Let z(o) be the second derivative of o**5/20 - 5*o**4/6 + o**3/2 + o**2 - 8*o. Suppose 3*w = -9 + 39. List the prime factors of z(w).
2
Suppose -12 = -4*t - 4. Suppose -20 + 78 = t*s. List the prime factors of s.
29
Suppose 2*q + 3*b - 1073 = 0, 0*b = 3*q + 4*b - 1609. Suppose -3*h - 4*p + q = 0, 3*h - 3*p - 847 + 298 = 0. What are the prime factors of h?
181
Suppose -3*h - 4*k + 13932 = -3884, 0 = -3*h - 3*k + 17814. What are the prime factors of h?
2, 7, 53
Suppose -4*h = -5*j + 88 + 383, 3*j - 3*h - 282 = 0. Suppose 5*c - 3*o + j = 0, 2*c - 3*c + 2*o = 26. Let t = -8 - c. List the prime factors of t.
2
List the prime factors of (3 + (-2177)/(-14))/(2/4).
317
Suppose 2415*v = 2424*v - 11727. What are the prime factors of v?
1303
Suppose v - 2*k + 1 = 2*k, 0 = -v - 3*k - 1. Let a(c) = 63*c**2 + 2*c + 1. What are the prime factors of a(v)?
2, 31
Suppose -4*x = -0*x + 12, 4*d - 113 = -x. Let w = -25 + d. Suppose 3*o - 63 = 3*h - w*h, -5*o = h - 103. What are the prime factors of o?
2, 5
Let o(p) = p + 22. Let q be o(-19). Suppose 0 = -q*j + 149 - 5. Suppose 2*a - 24 = -z, -a = -2*z + 2*a + j. List the prime factors of z.
2, 3
Suppose 3 = 3*y - 3*l - l, 3*l + 6 = y. Let p = 14 + y. Suppose j - 23 = p. List the prime factors of j.
2, 17
Let b = -1304 - -3470. What are the prime factors of b?
2, 3, 19
Suppose 4*y - 4510 = -3*r + 324, 0 = 3*y - 3. List the prime factors of r.
2, 5, 7, 23
Suppose 4*c - 331 = 461. Suppose 0 = 2*p + 4*w - c + 40, 0 = p + 5*w - 85. What are the prime factors of p?
3, 5
What are the prime factors of -13 + 4 - 95*-1?
2, 43
List the prime factors of 2/(-26) - -57*(-14540)/(-390).
5, 17
Suppose 2*h - 2*n - 3541 = 1759, -2*n = 3*h - 7950. What are the prime factors of h?
2, 5, 53
Let c(m) = 6*m**2 + 15*m - 9. What are the prime factors of c(-8)?
3, 5, 17
Let s(z) = 109*z**2 + 8*z + 6. Let h be s(-7). What are the prime factors of (-2)/(-12) - h/(-78)?
2, 17
Let x = 13 + -19. Let g be (-2)/x*(-9 - 6). Let b(c) = -c + 9. List the prime factors of b(g).
2, 7
Let v(y) = -23*y - 210. What are the prime factors of v(-30)?
2, 3, 5
Let k(w) = w**2 + 12*w + 12. Let j be k(-11). Suppose -q - j = -7. What are the prime factors of q?
2, 3
Suppose -7*r = 3*r. Suppose 6*m - 3*m - 195 = r. List the prime factors of m.
5, 13
Suppose v - 159 + 2 = 0. Let y = -111 + v. List the prime factors of y.
2, 23
Suppose -6*o + 10807 = 985. List the prime factors of o.
1637
Let p(d) = 34*d**2 - 10*d - 5. List the prime factors of p(7).
37, 43
Suppose l - 2*d - 2*d - 24 = 0, -l - 3*d + 10 = 0. Suppose -4*j - 11 - 37 = 4*o, 3*o + l = j. List the prime factors of 256/14 - (-2)/o.
2, 3
Let t be (9 - 1) + 3/(-3)*-2. Suppose -49 = -5*b - 3*f, 5*b - 61 = -0*f + 3*f. Suppose 0 = -3*w + 2*p + b, -3*w + 0*w + p + t = 0. List the prime factors of w.
3
Suppose -2*z = 2*w - 48, -2*w = -3*z + 2*z - 54. Suppose -s + w = -2*s. What are the prime factors of 1*(-1 - 0) - s?
5
Let n = 40 + -41. List the prime factors of (-4 - n)/12 - (-41)/4.
2, 5
Let q = 878 - 346. What are the prime factors of q?
2, 7, 19
Suppose -3*j + 7 = 4*r - 11, -2*j - 11 = -5*r. Let p be j/9 - 319/99. What are the prime factors of (p/3)/(3/(-69))?
23
Suppose -6*a + 3138 = -20466. List the prime factors of a.
2, 7, 281
Suppose 3*t = 4*u - 3155, 2*u - 6*t = -5*t + 1575. List the prime factors of u.
5, 157
Suppose 58*j - 6967 = -5*o + 61*j, -2*j = -2. What are the prime factors of o?
2, 17, 41
Suppose 2*z - 4*v = 16, 0*v + 10 = 2*z + 2*v. Suppose 0 = 4*b - z - 6. Let t(x) = 4*x - 3. List the prime factors of t(b).
3
Let a = -168 - -425. List the prime factors of a.
257
Let y be (-1152)/16 - (3 + 0). Let n = 119 + y. List the prime factors of n.
2, 11
Suppose 0 = 5*p - 5*g - 15, -27 = -4*p + g. Suppose 1 = c - p. What are the prime factors of c?
3
Let f(r) = -28*r + 1601. What are the prime factors of f(0)?
1601
Let w(a) = 6*a - 37. Let g be w(7). Suppose -g*p - 87 = -452. List the prime factors of p.
73
Let k(v) = 33*v**3 - 9*v**2 + 24*v + 4. List the prime factors of k(4).
2, 11, 47
Suppose -4*i + 25 = -3*w, -5 = 2*w + 1. Let u be 0 - (92 - (i - 1)). Let d = u - -161. List the prime factors of d.
2, 3
Suppose -5*k + 415 = z - 220, 3*z + 615 = 5*k. What are the prime factors of k?
2, 3, 7
Let b(k) = 2*k - 27. Let q be b(15). Suppose -n = -5*j - 5*n + 295, q*n = 0. What are the prime factors of j?
59
Suppose 4 = q - 91. Suppose 0 = 3*u - r - q, -3*u = -6*u - 2*r + 107. List the prime factors of u.
3, 11
Let o be 70/15 + 2/6. Suppose o*a + 32 = 82. Let f = a + 61. Li